{"id":234,"date":"2025-06-09T12:32:49","date_gmt":"2025-06-09T12:32:49","guid":{"rendered":"https:\/\/wermedic.pl\/?page_id=234"},"modified":"2025-09-03T11:18:42","modified_gmt":"2025-09-03T11:18:42","slug":"wynajem-sprzetu-medycznego","status":"publish","type":"page","link":"https:\/\/wermedic.pl\/?page_id=234","title":{"rendered":"Wynajem sprz\u0119tu medycznego"},"content":{"rendered":"\t\t<div data-elementor-type=\"wp-page\" data-elementor-id=\"234\" class=\"elementor elementor-234\" data-elementor-post-type=\"page\">\n\t\t\t\t<div class=\"elementor-element elementor-element-78251b2 e-flex e-con-boxed e-con e-parent\" data-id=\"78251b2\" data-element_type=\"container\" data-settings=\"{&quot;background_background&quot;:&quot;classic&quot;}\">\n\t\t\t\t\t<div class=\"e-con-inner\">\n\t\t\t\t<div class=\"elementor-element elementor-element-599c5f6 elementor-widget elementor-widget-heading\" data-id=\"599c5f6\" data-element_type=\"widget\" data-widget_type=\"heading.default\">\n\t\t\t\t<div class=\"elementor-widget-container\">\n\t\t\t\t\t<h2 class=\"elementor-heading-title elementor-size-default\">Wynajem sprz\u0119tu medycznego<\/h2>\t\t\t\t<\/div>\n\t\t\t\t<\/div>\n\t\t\t\t\t<\/div>\n\t\t\t\t<\/div>\n\t\t<div class=\"elementor-element elementor-element-38022a8 e-flex e-con-boxed e-con e-parent\" data-id=\"38022a8\" data-element_type=\"container\">\n\t\t\t\t\t<div class=\"e-con-inner\">\n\t\t\t\t<div class=\"elementor-element elementor-element-b2cff39 elementor-widget elementor-widget-jet-listing-grid\" data-id=\"b2cff39\" data-element_type=\"widget\" data-settings=\"{&quot;columns&quot;:&quot;3&quot;,&quot;columns_mobile&quot;:&quot;1&quot;}\" data-widget_type=\"jet-listing-grid.default\">\n\t\t\t\t<div class=\"elementor-widget-container\">\n\t\t\t\t\t<div class=\"jet-listing-grid jet-listing\"><div class=\"jet-listing-grid__items grid-col-desk-3 grid-col-tablet-3 grid-col-mobile-1 jet-listing-grid--250\" data-queried-id=\"234|WP_Post\" data-nav=\"{&quot;enabled&quot;:false,&quot;type&quot;:null,&quot;more_el&quot;:null,&quot;query&quot;:[],&quot;widget_settings&quot;:{&quot;lisitng_id&quot;:250,&quot;posts_num&quot;:6,&quot;columns&quot;:3,&quot;columns_tablet&quot;:3,&quot;columns_mobile&quot;:1,&quot;column_min_width&quot;:240,&quot;column_min_width_tablet&quot;:240,&quot;column_min_width_mobile&quot;:240,&quot;inline_columns_css&quot;:false,&quot;is_archive_template&quot;:&quot;&quot;,&quot;post_status&quot;:[&quot;publish&quot;],&quot;use_random_posts_num&quot;:&quot;&quot;,&quot;max_posts_num&quot;:9,&quot;not_found_message&quot;:&quot;No data was found&quot;,&quot;is_masonry&quot;:false,&quot;equal_columns_height&quot;:&quot;&quot;,&quot;use_load_more&quot;:&quot;&quot;,&quot;load_more_id&quot;:&quot;&quot;,&quot;load_more_type&quot;:&quot;click&quot;,&quot;load_more_offset&quot;:{&quot;unit&quot;:&quot;px&quot;,&quot;size&quot;:0,&quot;sizes&quot;:[]},&quot;use_custom_post_types&quot;:&quot;&quot;,&quot;custom_post_types&quot;:[],&quot;hide_widget_if&quot;:&quot;&quot;,&quot;carousel_enabled&quot;:&quot;&quot;,&quot;slides_to_scroll&quot;:&quot;1&quot;,&quot;arrows&quot;:&quot;true&quot;,&quot;arrow_icon&quot;:&quot;fa fa-angle-left&quot;,&quot;dots&quot;:&quot;&quot;,&quot;autoplay&quot;:&quot;true&quot;,&quot;pause_on_hover&quot;:&quot;true&quot;,&quot;autoplay_speed&quot;:5000,&quot;infinite&quot;:&quot;true&quot;,&quot;center_mode&quot;:&quot;&quot;,&quot;effect&quot;:&quot;slide&quot;,&quot;speed&quot;:500,&quot;inject_alternative_items&quot;:&quot;&quot;,&quot;injection_items&quot;:[],&quot;scroll_slider_enabled&quot;:&quot;&quot;,&quot;scroll_slider_on&quot;:[&quot;desktop&quot;,&quot;tablet&quot;,&quot;mobile&quot;],&quot;custom_query&quot;:false,&quot;custom_query_id&quot;:&quot;&quot;,&quot;_element_id&quot;:&quot;&quot;,&quot;collapse_first_last_gap&quot;:false,&quot;list_tag_selection&quot;:&quot;&quot;,&quot;list_items_wrapper_tag&quot;:&quot;div&quot;,&quot;list_item_tag&quot;:&quot;div&quot;,&quot;empty_items_wrapper_tag&quot;:&quot;div&quot;}}\" data-page=\"1\" data-pages=\"1\" data-listing-source=\"posts\" data-listing-id=\"250\" data-query-id=\"\"><div class=\"jet-listing-grid__item jet-listing-dynamic-post-518\" data-post-id=\"518\" >\t\t<div data-elementor-type=\"jet-listing-items\" data-elementor-id=\"250\" class=\"elementor elementor-250\" data-elementor-post-type=\"jet-engine\">\n\t\t\t\t<a class=\"elementor-element elementor-element-8de7415 e-flex e-con-boxed e-con e-parent\" data-id=\"8de7415\" data-element_type=\"container\" href=\"https:\/\/wermedic.pl\/?katalogwynajem=koncentrator-tlenu\">\n\t\t\t\t\t<div class=\"e-con-inner\">\n\t\t\t\t<div class=\"elementor-element elementor-element-8ef301f elementor-widget elementor-widget-image\" data-id=\"8ef301f\" data-element_type=\"widget\" data-widget_type=\"image.default\">\n\t\t\t\t<div class=\"elementor-widget-container\">\n\t\t\t\t\t\t\t\t\t\t\t\t\t\t\t\t<a href=\"https:\/\/wermedic.pl\/?katalogwynajem=koncentrator-tlenu\">\n\t\t\t\t\t\t\t<img fetchpriority=\"high\" decoding=\"async\" width=\"1024\" height=\"1024\" src=\"https:\/\/wermedic.pl\/wp-content\/uploads\/2025\/09\/everflo_philips_respironics_front_1_1-1024x1024.jpg\" class=\"elementor-animation-shrink attachment-large size-large wp-image-519\" alt=\"\" srcset=\"https:\/\/wermedic.pl\/wp-content\/uploads\/2025\/09\/everflo_philips_respironics_front_1_1-1024x1024.jpg 1024w, https:\/\/wermedic.pl\/wp-content\/uploads\/2025\/09\/everflo_philips_respironics_front_1_1-300x300.jpg 300w, https:\/\/wermedic.pl\/wp-content\/uploads\/2025\/09\/everflo_philips_respironics_front_1_1-150x150.jpg 150w, https:\/\/wermedic.pl\/wp-content\/uploads\/2025\/09\/everflo_philips_respironics_front_1_1-768x768.jpg 768w, https:\/\/wermedic.pl\/wp-content\/uploads\/2025\/09\/everflo_philips_respironics_front_1_1.jpg 1100w\" sizes=\"(max-width: 1024px) 100vw, 1024px\" \/>\t\t\t\t\t\t\t\t<\/a>\n\t\t\t\t\t\t\t\t\t\t\t\t\t\t\t<\/div>\n\t\t\t\t<\/div>\n\t\t\t\t<div class=\"elementor-element elementor-element-6924fa5 elementor-widget elementor-widget-jet-listing-dynamic-field\" data-id=\"6924fa5\" data-element_type=\"widget\" data-widget_type=\"jet-listing-dynamic-field.default\">\n\t\t\t\t<div class=\"elementor-widget-container\">\n\t\t\t\t\t<div class=\"jet-listing jet-listing-dynamic-field display-inline\"><div class=\"jet-listing-dynamic-field__inline-wrap\"><div class=\"jet-listing-dynamic-field__content\">Koncentrator tlenu<\/div><\/div><\/div>\t\t\t\t<\/div>\n\t\t\t\t<\/div>\n\t\t\t\t\t<\/div>\n\t\t\t\t<\/a>\n\t\t\t\t<\/div>\n\t\t<\/div><div class=\"jet-listing-grid__item jet-listing-dynamic-post-516\" data-post-id=\"516\" >\t\t<div data-elementor-type=\"jet-listing-items\" data-elementor-id=\"250\" class=\"elementor elementor-250\" data-elementor-post-type=\"jet-engine\">\n\t\t\t\t<a class=\"elementor-element elementor-element-8de7415 e-flex e-con-boxed e-con e-parent\" data-id=\"8de7415\" data-element_type=\"container\" href=\"https:\/\/wermedic.pl\/?katalogwynajem=wozek-inwalidzki-specjalny\">\n\t\t\t\t\t<div class=\"e-con-inner\">\n\t\t\t\t<div class=\"elementor-element elementor-element-8ef301f elementor-widget elementor-widget-image\" data-id=\"8ef301f\" data-element_type=\"widget\" data-widget_type=\"image.default\">\n\t\t\t\t<div class=\"elementor-widget-container\">\n\t\t\t\t\t\t\t\t\t\t\t\t\t\t\t\t<a href=\"https:\/\/wermedic.pl\/?katalogwynajem=wozek-inwalidzki-specjalny\">\n\t\t\t\t\t\t\t<img decoding=\"async\" width=\"938\" height=\"1024\" src=\"https:\/\/wermedic.pl\/wp-content\/uploads\/2025\/09\/Eclips-X4-90-with-back-extention-938x1024.jpg\" class=\"elementor-animation-shrink attachment-large size-large wp-image-517\" alt=\"\" srcset=\"https:\/\/wermedic.pl\/wp-content\/uploads\/2025\/09\/Eclips-X4-90-with-back-extention-938x1024.jpg 938w, https:\/\/wermedic.pl\/wp-content\/uploads\/2025\/09\/Eclips-X4-90-with-back-extention-275x300.jpg 275w, https:\/\/wermedic.pl\/wp-content\/uploads\/2025\/09\/Eclips-X4-90-with-back-extention-768x838.jpg 768w, https:\/\/wermedic.pl\/wp-content\/uploads\/2025\/09\/Eclips-X4-90-with-back-extention.jpg 1181w\" sizes=\"(max-width: 938px) 100vw, 938px\" \/>\t\t\t\t\t\t\t\t<\/a>\n\t\t\t\t\t\t\t\t\t\t\t\t\t\t\t<\/div>\n\t\t\t\t<\/div>\n\t\t\t\t<div class=\"elementor-element elementor-element-6924fa5 elementor-widget elementor-widget-jet-listing-dynamic-field\" data-id=\"6924fa5\" data-element_type=\"widget\" data-widget_type=\"jet-listing-dynamic-field.default\">\n\t\t\t\t<div class=\"elementor-widget-container\">\n\t\t\t\t\t<div class=\"jet-listing jet-listing-dynamic-field display-inline\"><div class=\"jet-listing-dynamic-field__inline-wrap\"><div class=\"jet-listing-dynamic-field__content\">W\u00f3zek inwalidzki specjalny<\/div><\/div><\/div>\t\t\t\t<\/div>\n\t\t\t\t<\/div>\n\t\t\t\t\t<\/div>\n\t\t\t\t<\/a>\n\t\t\t\t<\/div>\n\t\t<\/div><div class=\"jet-listing-grid__item jet-listing-dynamic-post-514\" data-post-id=\"514\" >\t\t<div data-elementor-type=\"jet-listing-items\" data-elementor-id=\"250\" class=\"elementor elementor-250\" data-elementor-post-type=\"jet-engine\">\n\t\t\t\t<a class=\"elementor-element elementor-element-8de7415 e-flex e-con-boxed e-con e-parent\" data-id=\"8de7415\" data-element_type=\"container\" href=\"https:\/\/wermedic.pl\/?katalogwynajem=podnosnik-kapielowo-transportowy-do-150kg\">\n\t\t\t\t\t<div class=\"e-con-inner\">\n\t\t\t\t<div class=\"elementor-element elementor-element-8ef301f elementor-widget elementor-widget-image\" data-id=\"8ef301f\" data-element_type=\"widget\" data-widget_type=\"image.default\">\n\t\t\t\t<div class=\"elementor-widget-container\">\n\t\t\t\t\t\t\t\t\t\t\t\t\t\t\t\t<a href=\"https:\/\/wermedic.pl\/?katalogwynajem=podnosnik-kapielowo-transportowy-do-150kg\">\n\t\t\t\t\t\t\t<img decoding=\"async\" width=\"825\" height=\"1024\" src=\"https:\/\/wermedic.pl\/wp-content\/uploads\/2025\/09\/620pl-poliester-825x1024.jpg\" class=\"elementor-animation-shrink attachment-large size-large wp-image-515\" alt=\"\" srcset=\"https:\/\/wermedic.pl\/wp-content\/uploads\/2025\/09\/620pl-poliester-825x1024.jpg 825w, https:\/\/wermedic.pl\/wp-content\/uploads\/2025\/09\/620pl-poliester-242x300.jpg 242w, https:\/\/wermedic.pl\/wp-content\/uploads\/2025\/09\/620pl-poliester-768x953.jpg 768w, https:\/\/wermedic.pl\/wp-content\/uploads\/2025\/09\/620pl-poliester-1238x1536.jpg 1238w, https:\/\/wermedic.pl\/wp-content\/uploads\/2025\/09\/620pl-poliester.jpg 1284w\" sizes=\"(max-width: 825px) 100vw, 825px\" \/>\t\t\t\t\t\t\t\t<\/a>\n\t\t\t\t\t\t\t\t\t\t\t\t\t\t\t<\/div>\n\t\t\t\t<\/div>\n\t\t\t\t<div class=\"elementor-element elementor-element-6924fa5 elementor-widget elementor-widget-jet-listing-dynamic-field\" data-id=\"6924fa5\" data-element_type=\"widget\" data-widget_type=\"jet-listing-dynamic-field.default\">\n\t\t\t\t<div class=\"elementor-widget-container\">\n\t\t\t\t\t<div class=\"jet-listing jet-listing-dynamic-field display-inline\"><div class=\"jet-listing-dynamic-field__inline-wrap\"><div class=\"jet-listing-dynamic-field__content\">Podno\u015bnik k\u0105pielowo-transportowy do 150kg<\/div><\/div><\/div>\t\t\t\t<\/div>\n\t\t\t\t<\/div>\n\t\t\t\t\t<\/div>\n\t\t\t\t<\/a>\n\t\t\t\t<\/div>\n\t\t<\/div><div class=\"jet-listing-grid__item jet-listing-dynamic-post-511\" data-post-id=\"511\" >\t\t<div data-elementor-type=\"jet-listing-items\" data-elementor-id=\"250\" class=\"elementor elementor-250\" data-elementor-post-type=\"jet-engine\">\n\t\t\t\t<a class=\"elementor-element elementor-element-8de7415 e-flex e-con-boxed e-con e-parent\" data-id=\"8de7415\" data-element_type=\"container\" href=\"https:\/\/wermedic.pl\/?katalogwynajem=stolik-pomocniczy-aston\">\n\t\t\t\t\t<div class=\"e-con-inner\">\n\t\t\t\t<div class=\"elementor-element elementor-element-8ef301f elementor-widget elementor-widget-image\" data-id=\"8ef301f\" data-element_type=\"widget\" data-widget_type=\"image.default\">\n\t\t\t\t<div class=\"elementor-widget-container\">\n\t\t\t\t\t\t\t\t\t\t\t\t\t\t\t\t<a href=\"https:\/\/wermedic.pl\/?katalogwynajem=stolik-pomocniczy-aston\">\n\t\t\t\t\t\t\t<img loading=\"lazy\" decoding=\"async\" width=\"403\" height=\"334\" src=\"https:\/\/wermedic.pl\/wp-content\/uploads\/2025\/09\/web_376-C29-Oxide.jpg\" class=\"elementor-animation-shrink attachment-large size-large wp-image-512\" alt=\"\" srcset=\"https:\/\/wermedic.pl\/wp-content\/uploads\/2025\/09\/web_376-C29-Oxide.jpg 403w, https:\/\/wermedic.pl\/wp-content\/uploads\/2025\/09\/web_376-C29-Oxide-300x249.jpg 300w\" sizes=\"(max-width: 403px) 100vw, 403px\" \/>\t\t\t\t\t\t\t\t<\/a>\n\t\t\t\t\t\t\t\t\t\t\t\t\t\t\t<\/div>\n\t\t\t\t<\/div>\n\t\t\t\t<div class=\"elementor-element elementor-element-6924fa5 elementor-widget elementor-widget-jet-listing-dynamic-field\" data-id=\"6924fa5\" data-element_type=\"widget\" data-widget_type=\"jet-listing-dynamic-field.default\">\n\t\t\t\t<div class=\"elementor-widget-container\">\n\t\t\t\t\t<div class=\"jet-listing jet-listing-dynamic-field display-inline\"><div class=\"jet-listing-dynamic-field__inline-wrap\"><div class=\"jet-listing-dynamic-field__content\">Stolik pomocniczy Aston<\/div><\/div><\/div>\t\t\t\t<\/div>\n\t\t\t\t<\/div>\n\t\t\t\t\t<\/div>\n\t\t\t\t<\/a>\n\t\t\t\t<\/div>\n\t\t<\/div><div class=\"jet-listing-grid__item jet-listing-dynamic-post-246\" data-post-id=\"246\" >\t\t<div data-elementor-type=\"jet-listing-items\" data-elementor-id=\"250\" class=\"elementor elementor-250\" data-elementor-post-type=\"jet-engine\">\n\t\t\t\t<a class=\"elementor-element elementor-element-8de7415 e-flex e-con-boxed e-con e-parent\" data-id=\"8de7415\" data-element_type=\"container\" href=\"https:\/\/wermedic.pl\/?katalogwynajem=246\">\n\t\t\t\t\t<div class=\"e-con-inner\">\n\t\t\t\t<div class=\"elementor-element elementor-element-8ef301f elementor-widget elementor-widget-image\" data-id=\"8ef301f\" data-element_type=\"widget\" data-widget_type=\"image.default\">\n\t\t\t\t<div class=\"elementor-widget-container\">\n\t\t\t\t\t\t\t\t\t\t\t\t\t\t\t\t<a href=\"https:\/\/wermedic.pl\/?katalogwynajem=246\">\n\t\t\t\t\t\t\t<img loading=\"lazy\" decoding=\"async\" width=\"1024\" height=\"981\" src=\"https:\/\/wermedic.pl\/wp-content\/uploads\/2025\/06\/Club-Vario-3Q-Anti-Trendelenburg-and-monkey-pole-no-panels-scaled-e1749549148206-1024x981.jpg\" class=\"elementor-animation-shrink attachment-large size-large wp-image-323\" alt=\"\" srcset=\"https:\/\/wermedic.pl\/wp-content\/uploads\/2025\/06\/Club-Vario-3Q-Anti-Trendelenburg-and-monkey-pole-no-panels-scaled-e1749549148206-1024x981.jpg 1024w, https:\/\/wermedic.pl\/wp-content\/uploads\/2025\/06\/Club-Vario-3Q-Anti-Trendelenburg-and-monkey-pole-no-panels-scaled-e1749549148206-300x287.jpg 300w, https:\/\/wermedic.pl\/wp-content\/uploads\/2025\/06\/Club-Vario-3Q-Anti-Trendelenburg-and-monkey-pole-no-panels-scaled-e1749549148206-768x736.jpg 768w, https:\/\/wermedic.pl\/wp-content\/uploads\/2025\/06\/Club-Vario-3Q-Anti-Trendelenburg-and-monkey-pole-no-panels-scaled-e1749549148206-1536x1472.jpg 1536w, https:\/\/wermedic.pl\/wp-content\/uploads\/2025\/06\/Club-Vario-3Q-Anti-Trendelenburg-and-monkey-pole-no-panels-scaled-e1749549148206.jpg 1933w\" sizes=\"(max-width: 1024px) 100vw, 1024px\" \/>\t\t\t\t\t\t\t\t<\/a>\n\t\t\t\t\t\t\t\t\t\t\t\t\t\t\t<\/div>\n\t\t\t\t<\/div>\n\t\t\t\t<div class=\"elementor-element elementor-element-6924fa5 elementor-widget elementor-widget-jet-listing-dynamic-field\" data-id=\"6924fa5\" data-element_type=\"widget\" data-widget_type=\"jet-listing-dynamic-field.default\">\n\t\t\t\t<div class=\"elementor-widget-container\">\n\t\t\t\t\t<div class=\"jet-listing jet-listing-dynamic-field display-inline\"><div class=\"jet-listing-dynamic-field__inline-wrap\"><div class=\"jet-listing-dynamic-field__content\">\u0141\u00f3\u017cko rehabilitacyjno-piel\u0119gnacyjne z materacem Vermeiren<\/div><\/div><\/div>\t\t\t\t<\/div>\n\t\t\t\t<\/div>\n\t\t\t\t\t<\/div>\n\t\t\t\t<\/a>\n\t\t\t\t<\/div>\n\t\t<\/div><\/div><\/div>\t\t\t\t<\/div>\n\t\t\t\t<\/div>\n\t\t\t\t\t<\/div>\n\t\t\t\t<\/div>\n\t\t\t\t<\/div>\n\t\t","protected":false},"excerpt":{"rendered":"<p>Wynajem sprz\u0119tu medycznego Podp\u00f3rka aluminiowa 2in1 LYNA II Producent: 50,00 z\u0142 \/mies. Nap\u0119d elektryczny do w\u00f3zk\u00f3w inwalidzkich BLUMIL GO Producent: [&hellip;]<\/p>\n","protected":false},"author":3,"featured_media":0,"parent":0,"menu_order":0,"comment_status":"closed","ping_status":"closed","template":"","meta":{"site-sidebar-layout":"no-sidebar","site-content-layout":"","ast-site-content-layout":"full-width-container","site-content-style":"default","site-sidebar-style":"default","ast-global-header-display":"","ast-banner-title-visibility":"","ast-main-header-display":"","ast-hfb-above-header-display":"","ast-hfb-below-header-display":"","ast-hfb-mobile-header-display":"","site-post-title":"disabled","ast-breadcrumbs-content":"","ast-featured-img":"disabled","footer-sml-layout":"","theme-transparent-header-meta":"","adv-header-id-meta":"","stick-header-meta":"","header-above-stick-meta":"","header-main-stick-meta":"","header-below-stick-meta":"","astra-migrate-meta-layouts":"default","ast-page-background-enabled":"default","ast-page-background-meta":{"desktop":{"background-color":"var(--ast-global-color-5)","background-image":"","background-repeat":"repeat","background-position":"center center","background-size":"auto","background-attachment":"scroll","background-type":"","background-media":"","overlay-type":"","overlay-color":"","overlay-opacity":"","overlay-gradient":""},"tablet":{"background-color":"","background-image":"","background-repeat":"repeat","background-position":"center center","background-size":"auto","background-attachment":"scroll","background-type":"","background-media":"","overlay-type":"","overlay-color":"","overlay-opacity":"","overlay-gradient":""},"mobile":{"background-color":"","background-image":"","background-repeat":"repeat","background-position":"center center","background-size":"auto","background-attachment":"scroll","background-type":"","background-media":"","overlay-type":"","overlay-color":"","overlay-opacity":"","overlay-gradient":""}},"ast-content-background-meta":{"desktop":{"background-color":"var(--ast-global-color-4)","background-image":"","background-repeat":"repeat","background-position":"center center","background-size":"auto","background-attachment":"scroll","background-type":"","background-media":"","overlay-type":"","overlay-color":"","overlay-opacity":"","overlay-gradient":""},"tablet":{"background-color":"var(--ast-global-color-4)","background-image":"","background-repeat":"repeat","background-position":"center center","background-size":"auto","background-attachment":"scroll","background-type":"","background-media":"","overlay-type":"","overlay-color":"","overlay-opacity":"","overlay-gradient":""},"mobile":{"background-color":"var(--ast-global-color-4)","background-image":"","background-repeat":"repeat","background-position":"center center","background-size":"auto","background-attachment":"scroll","background-type":"","background-media":"","overlay-type":"","overlay-color":"","overlay-opacity":"","overlay-gradient":""}},"footnotes":""},"class_list":["post-234","page","type-page","status-publish","hentry"],"_links":{"self":[{"href":"https:\/\/wermedic.pl\/index.php?rest_route=\/wp\/v2\/pages\/234","targetHints":{"allow":["GET"]}}],"collection":[{"href":"https:\/\/wermedic.pl\/index.php?rest_route=\/wp\/v2\/pages"}],"about":[{"href":"https:\/\/wermedic.pl\/index.php?rest_route=\/wp\/v2\/types\/page"}],"author":[{"embeddable":true,"href":"https:\/\/wermedic.pl\/index.php?rest_route=\/wp\/v2\/users\/3"}],"replies":[{"embeddable":true,"href":"https:\/\/wermedic.pl\/index.php?rest_route=%2Fwp%2Fv2%2Fcomments&post=234"}],"version-history":[{"count":31,"href":"https:\/\/wermedic.pl\/index.php?rest_route=\/wp\/v2\/pages\/234\/revisions"}],"predecessor-version":[{"id":500,"href":"https:\/\/wermedic.pl\/index.php?rest_route=\/wp\/v2\/pages\/234\/revisions\/500"}],"wp:attachment":[{"href":"https:\/\/wermedic.pl\/index.php?rest_route=%2Fwp%2Fv2%2Fmedia&parent=234"}],"curies":[{"name":"wp","href":"https:\/\/api.w.org\/{rel}","templated":true}]}}